{"id":367,"date":"2025-11-10T14:43:26","date_gmt":"2025-11-10T13:43:26","guid":{"rendered":"https:\/\/volventperformance.fr\/?page_id=367"},"modified":"2025-11-10T15:54:54","modified_gmt":"2025-11-10T14:54:54","slug":"la-zx-1-4i-a-50-balles","status":"publish","type":"page","link":"https:\/\/volventperformance.fr\/index.php\/la-zx-1-4i-a-50-balles\/","title":{"rendered":"La ZX 1.4I A 50 BALLES"},"content":{"rendered":"\t\t<div data-elementor-type=\"wp-page\" data-elementor-id=\"367\" class=\"elementor elementor-367\">\n\t\t\t\t<div class=\"elementor-element elementor-element-f783029 e-flex e-con-boxed e-con e-parent\" data-id=\"f783029\" data-element_type=\"container\">\n\t\t\t\t\t<div class=\"e-con-inner\">\n\t\t\t\t<div class=\"elementor-element elementor-element-34e38e1 elementor-widget elementor-widget-text-editor\" data-id=\"34e38e1\" data-element_type=\"widget\" data-widget_type=\"text-editor.default\">\n\t\t\t\t<div class=\"elementor-widget-container\">\n\t\t\t\t\t\t\t\t\t<div class=\"pointer-events-none h-px w-px\" aria-hidden=\"true\" data-edge=\"true\">\u00a0<\/div>\n<article class=\"text-token-text-primary w-full focus:outline-none [--shadow-height:45px] has-data-writing-block:pointer-events-none has-data-writing-block:-mt-(--shadow-height) has-data-writing-block:pt-(--shadow-height) [&amp;:has([data-writing-block])&gt;*]:pointer-events-auto [content-visibility:auto] supports-[content-visibility:auto]:[contain-intrinsic-size:auto_100lvh] scroll-mt-[calc(var(--header-height)+min(200px,max(70px,20svh)))]\" dir=\"auto\" tabindex=\"-1\" data-turn-id=\"request-WEB:91832695-b670-4568-b507-b3751d537d19-2\" data-testid=\"conversation-turn-6\" data-scroll-anchor=\"true\" data-turn=\"assistant\">\n<div class=\"text-base my-auto mx-auto pb-10 [--thread-content-margin:--spacing(4)] thread-sm:[--thread-content-margin:--spacing(6)] thread-lg:[--thread-content-margin:--spacing(16)] px-(--thread-content-margin)\">\n<div class=\"[--thread-content-max-width:40rem] thread-lg:[--thread-content-max-width:48rem] mx-auto max-w-(--thread-content-max-width) flex-1 group\/turn-messages focus-visible:outline-hidden relative flex w-full min-w-0 flex-col agent-turn\" tabindex=\"-1\">\n<div class=\"flex max-w-full flex-col grow\">\n<div class=\"min-h-8 text-message relative flex w-full flex-col items-end gap-2 text-start break-words whitespace-normal [.text-message+&amp;]:mt-1\" dir=\"auto\" data-message-author-role=\"assistant\" data-message-id=\"35c052a1-387f-4da3-87a2-0838ef69a7e7\" data-message-model-slug=\"gpt-5\">\n<div class=\"flex w-full flex-col gap-1 empty:hidden first:pt-[1px]\">\n<div class=\"markdown prose dark:prose-invert w-full break-words light markdown-new-styling\">\n<p data-start=\"289\" data-end=\"591\">Au fond de la cambrousse, entre un hangar en t\u00f4le et un barbecue qui tourne \u00e0 la merguez, y\u2019a <strong data-start=\"383\" data-end=\"406\">Volvent Performance<\/strong>.<br data-start=\"407\" data-end=\"410\" \/>C\u2019est pas un garage comme les autres : ici, pas de vestes sigl\u00e9es ni de valises \u00e9lectroniques hors de prix. Non, ici, \u00e7a sent la cl\u00e9 de 12, la sueur, et le savoir-faire des vrais.<\/p>\n<p data-start=\"593\" data-end=\"768\">Aux manettes, <strong>Des l\u00e9gendes<\/strong> locales du cambouis. Des gars capables de refaire tourner un moteur avec trois colliers rilsan et un peu de foi.<\/p>\n<p data-start=\"770\" data-end=\"913\">Leur nouveau d\u00e9lire ?<br data-start=\"791\" data-end=\"794\" \/>Une <strong data-start=\"798\" data-end=\"824\">Citro\u00ebn ZX 1.4 essence<\/strong>, d\u00e9gott\u00e9e pour <strong data-start=\"840\" data-end=\"853\">50 balles<\/strong>, \u201cnon roulante mais avec du potentiel\u201d, comme ils disent.<\/p>\n<p data-start=\"915\" data-end=\"1104\">Le concept :<br data-start=\"927\" data-end=\"930\" \/>\ud83d\udc49 Rachat \u00e0 petit prix.<br data-start=\"953\" data-end=\"956\" \/>\ud83d\udc49 R\u00e9novation maison avec les moyens du bord.<br data-start=\"1001\" data-end=\"1004\" \/>\ud83d\udc49 Revente propre pour faire un peu de sousous (et prouver que le talent vaut plus que le budget).<\/p>\n<p data-start=\"1106\" data-end=\"1305\">Sous le nom de <strong data-start=\"1121\" data-end=\"1136\">Projet ZX50<\/strong>, l\u2019id\u00e9e c\u2019est de montrer qu\u2019avec de la d\u00e9brouille, un peu de r\u00e9cup\u2019, et beaucoup d\u2019huile de coude, tu peux transformer une \u00e9pave de champ en petite bombe de campagne.<\/p>\n<p data-start=\"1307\" data-end=\"1323\">Au programme :<\/p>\n<p data-start=\"1326\" data-end=\"1389\"><strong data-start=\"1326\" data-end=\"1352\">Remise en route moteur<\/strong> (le sorcier du carbu),<\/p>\n<p data-start=\"1326\" data-end=\"1389\"><strong data-start=\"1392\" data-end=\"1414\">Nettoyage int\u00e9gral<\/strong>, int\u00e9rieur &amp; ext\u00e9rieur,<\/p>\n<p data-start=\"1443\" data-end=\"1489\"><strong data-start=\"1443\" data-end=\"1486\">Peinture et petits d\u00e9tails tuning rural<\/strong>,<\/p>\n<p data-start=\"1492\" data-end=\"1576\">Et pourquoi pas un l\u00e9ger \u201coptimisation Volvent Performance\u201d si la motivation suit.<\/p>\n<p data-start=\"1578\" data-end=\"1706\">Le tout, document\u00e9 \u00e0 l\u2019ancienne, entre deux caf\u00e9s et trois vannes, fa\u00e7on atelier du dimanche mais avec un vrai c\u0153ur de m\u00e9cano.<\/p>\n<p data-start=\"1578\" data-end=\"1706\">Leur devise ?<\/p>\n<p data-start=\"1578\" data-end=\"1706\">\u201cIci, on part de rien\u2026 mais on repart avec quelque chose.\u201d<\/p>\n<p data-start=\"1788\" data-end=\"1935\">Et quand la ZX d\u00e9marrera, ce sera pas juste une voiture de plus qui roule \u2014 ce sera <strong data-start=\"1872\" data-end=\"1900\">une victoire \u00e0 50 balles<\/strong>, sign\u00e9e <strong data-start=\"1909\" data-end=\"1932\">Volvent Performance<\/strong>.<\/p>\n<\/div>\n<\/div>\n<\/div>\n<\/div>\n<div class=\"z-0 flex min-h-[46px] justify-start\">\u00a0<\/div>\n<div class=\"mt-3 w-full empty:hidden\">\n<div class=\"text-center\">\u00a0<\/div>\n<\/div>\n<\/div>\n<\/div>\n<\/article>\t\t\t\t\t\t\t\t<\/div>\n\t\t\t\t<\/div>\n\t\t\t\t\t<\/div>\n\t\t\t\t<\/div>\n\t\t<div class=\"elementor-element elementor-element-dfa5374 e-flex e-con-boxed e-con e-parent\" data-id=\"dfa5374\" data-element_type=\"container\">\n\t\t\t\t\t<div class=\"e-con-inner\">\n\t\t<div class=\"elementor-element elementor-element-2a15ed2 e-con-full e-flex e-con e-child\" data-id=\"2a15ed2\" data-element_type=\"container\">\n\t\t\t\t<div class=\"elementor-element elementor-element-82a8151 elementor-widget elementor-widget-image\" data-id=\"82a8151\" data-element_type=\"widget\" data-widget_type=\"image.default\">\n\t\t\t\t<div class=\"elementor-widget-container\">\n\t\t\t\t\t\t\t\t\t\t\t\t\t\t\t\t<a href=\"https:\/\/volventperformance.fr\/wp-content\/uploads\/2025\/11\/1762781501681.jpg\" data-elementor-open-lightbox=\"yes\" data-elementor-lightbox-title=\"1762781501681\" data-e-action-hash=\"#elementor-action%3Aaction%3Dlightbox%26settings%3DeyJpZCI6Mzc2LCJ1cmwiOiJodHRwczpcL1wvdm9sdmVudHBlcmZvcm1hbmNlLmZyXC93cC1jb250ZW50XC91cGxvYWRzXC8yMDI1XC8xMVwvMTc2Mjc4MTUwMTY4MS5qcGcifQ%3D%3D\">\n\t\t\t\t\t\t\t<img fetchpriority=\"high\" decoding=\"async\" width=\"710\" height=\"1536\" src=\"https:\/\/volventperformance.fr\/wp-content\/uploads\/2025\/11\/1762781501681-710x1536.jpg\" class=\"attachment-1536x1536 size-1536x1536 wp-image-376\" alt=\"\" srcset=\"https:\/\/volventperformance.fr\/wp-content\/uploads\/2025\/11\/1762781501681-710x1536.jpg 710w, https:\/\/volventperformance.fr\/wp-content\/uploads\/2025\/11\/1762781501681-139x300.jpg 139w, https:\/\/volventperformance.fr\/wp-content\/uploads\/2025\/11\/1762781501681-473x1024.jpg 473w, https:\/\/volventperformance.fr\/wp-content\/uploads\/2025\/11\/1762781501681.jpg 900w\" sizes=\"100vw\" \/>\t\t\t\t\t\t\t\t<\/a>\n\t\t\t\t\t\t\t\t\t\t\t\t\t\t\t<\/div>\n\t\t\t\t<\/div>\n\t\t\t\t<\/div>\n\t\t<div class=\"elementor-element elementor-element-0c04d0a e-con-full e-flex e-con e-child\" data-id=\"0c04d0a\" data-element_type=\"container\">\n\t\t\t\t<div class=\"elementor-element elementor-element-392a44b elementor-widget elementor-widget-image\" data-id=\"392a44b\" data-element_type=\"widget\" data-widget_type=\"image.default\">\n\t\t\t\t<div class=\"elementor-widget-container\">\n\t\t\t\t\t\t\t\t\t\t\t\t\t\t\t\t<a href=\"https:\/\/volventperformance.fr\/wp-content\/uploads\/2025\/11\/1762781501607.jpg\" data-elementor-open-lightbox=\"yes\" data-elementor-lightbox-title=\"1762781501607\" data-e-action-hash=\"#elementor-action%3Aaction%3Dlightbox%26settings%3DeyJpZCI6MzcwLCJ1cmwiOiJodHRwczpcL1wvdm9sdmVudHBlcmZvcm1hbmNlLmZyXC93cC1jb250ZW50XC91cGxvYWRzXC8yMDI1XC8xMVwvMTc2Mjc4MTUwMTYwNy5qcGcifQ%3D%3D\">\n\t\t\t\t\t\t\t<img decoding=\"async\" width=\"710\" height=\"1536\" src=\"https:\/\/volventperformance.fr\/wp-content\/uploads\/2025\/11\/1762781501607-710x1536.jpg\" class=\"attachment-1536x1536 size-1536x1536 wp-image-370\" alt=\"\" srcset=\"https:\/\/volventperformance.fr\/wp-content\/uploads\/2025\/11\/1762781501607-710x1536.jpg 710w, https:\/\/volventperformance.fr\/wp-content\/uploads\/2025\/11\/1762781501607-139x300.jpg 139w, https:\/\/volventperformance.fr\/wp-content\/uploads\/2025\/11\/1762781501607-473x1024.jpg 473w, https:\/\/volventperformance.fr\/wp-content\/uploads\/2025\/11\/1762781501607.jpg 900w\" sizes=\"100vw\" \/>\t\t\t\t\t\t\t\t<\/a>\n\t\t\t\t\t\t\t\t\t\t\t\t\t\t\t<\/div>\n\t\t\t\t<\/div>\n\t\t\t\t<\/div>\n\t\t\t\t\t<\/div>\n\t\t\t\t<\/div>\n\t\t<div class=\"elementor-element elementor-element-95c5168 e-flex e-con-boxed e-con e-parent\" data-id=\"95c5168\" data-element_type=\"container\">\n\t\t\t\t\t<div class=\"e-con-inner\">\n\t\t<div class=\"elementor-element elementor-element-fced0e4 e-con-full e-flex e-con e-child\" data-id=\"fced0e4\" data-element_type=\"container\">\n\t\t\t\t<div class=\"elementor-element elementor-element-d0da02f elementor-widget elementor-widget-image\" data-id=\"d0da02f\" data-element_type=\"widget\" data-widget_type=\"image.default\">\n\t\t\t\t<div class=\"elementor-widget-container\">\n\t\t\t\t\t\t\t\t\t\t\t\t\t\t\t\t<a href=\"https:\/\/volventperformance.fr\/wp-content\/uploads\/2025\/11\/1762781501657.jpg\" data-elementor-open-lightbox=\"yes\" data-elementor-lightbox-title=\"1762781501657\" data-e-action-hash=\"#elementor-action%3Aaction%3Dlightbox%26settings%3DeyJpZCI6Mzc0LCJ1cmwiOiJodHRwczpcL1wvdm9sdmVudHBlcmZvcm1hbmNlLmZyXC93cC1jb250ZW50XC91cGxvYWRzXC8yMDI1XC8xMVwvMTc2Mjc4MTUwMTY1Ny5qcGcifQ%3D%3D\">\n\t\t\t\t\t\t\t<img decoding=\"async\" width=\"473\" height=\"1024\" src=\"https:\/\/volventperformance.fr\/wp-content\/uploads\/2025\/11\/1762781501657-473x1024.jpg\" class=\"attachment-large size-large wp-image-374\" alt=\"\" srcset=\"https:\/\/volventperformance.fr\/wp-content\/uploads\/2025\/11\/1762781501657-473x1024.jpg 473w, https:\/\/volventperformance.fr\/wp-content\/uploads\/2025\/11\/1762781501657-139x300.jpg 139w, https:\/\/volventperformance.fr\/wp-content\/uploads\/2025\/11\/1762781501657-710x1536.jpg 710w, https:\/\/volventperformance.fr\/wp-content\/uploads\/2025\/11\/1762781501657.jpg 900w\" sizes=\"100vw\" \/>\t\t\t\t\t\t\t\t<\/a>\n\t\t\t\t\t\t\t\t\t\t\t\t\t\t\t<\/div>\n\t\t\t\t<\/div>\n\t\t\t\t<\/div>\n\t\t<div class=\"elementor-element elementor-element-5949706 e-con-full e-flex e-con e-child\" data-id=\"5949706\" data-element_type=\"container\">\n\t\t\t\t<div class=\"elementor-element elementor-element-89f23ad elementor-widget elementor-widget-image\" data-id=\"89f23ad\" data-element_type=\"widget\" data-widget_type=\"image.default\">\n\t\t\t\t<div class=\"elementor-widget-container\">\n\t\t\t\t\t\t\t\t\t\t\t\t\t\t\t\t<a href=\"https:\/\/volventperformance.fr\/wp-content\/uploads\/2025\/11\/1762781501669.jpg\" data-elementor-open-lightbox=\"yes\" data-elementor-lightbox-title=\"1762781501669\" data-e-action-hash=\"#elementor-action%3Aaction%3Dlightbox%26settings%3DeyJpZCI6Mzc1LCJ1cmwiOiJodHRwczpcL1wvdm9sdmVudHBlcmZvcm1hbmNlLmZyXC93cC1jb250ZW50XC91cGxvYWRzXC8yMDI1XC8xMVwvMTc2Mjc4MTUwMTY2OS5qcGcifQ%3D%3D\">\n\t\t\t\t\t\t\t<img loading=\"lazy\" decoding=\"async\" width=\"473\" height=\"1024\" src=\"https:\/\/volventperformance.fr\/wp-content\/uploads\/2025\/11\/1762781501669-473x1024.jpg\" class=\"attachment-large size-large wp-image-375\" alt=\"\" srcset=\"https:\/\/volventperformance.fr\/wp-content\/uploads\/2025\/11\/1762781501669-473x1024.jpg 473w, https:\/\/volventperformance.fr\/wp-content\/uploads\/2025\/11\/1762781501669-139x300.jpg 139w, https:\/\/volventperformance.fr\/wp-content\/uploads\/2025\/11\/1762781501669-710x1536.jpg 710w, https:\/\/volventperformance.fr\/wp-content\/uploads\/2025\/11\/1762781501669.jpg 900w\" sizes=\"100vw\" \/>\t\t\t\t\t\t\t\t<\/a>\n\t\t\t\t\t\t\t\t\t\t\t\t\t\t\t<\/div>\n\t\t\t\t<\/div>\n\t\t\t\t<\/div>\n\t\t<div class=\"elementor-element elementor-element-34ae812 e-con-full e-flex e-con e-child\" data-id=\"34ae812\" data-element_type=\"container\">\n\t\t\t\t<div class=\"elementor-element elementor-element-18b7816 elementor-widget elementor-widget-image\" data-id=\"18b7816\" data-element_type=\"widget\" data-widget_type=\"image.default\">\n\t\t\t\t<div class=\"elementor-widget-container\">\n\t\t\t\t\t\t\t\t\t\t\t\t\t\t\t\t<a href=\"https:\/\/volventperformance.fr\/wp-content\/uploads\/2025\/11\/1762781396338.jpg\" data-elementor-open-lightbox=\"yes\" data-elementor-lightbox-title=\"1762781396338\" data-e-action-hash=\"#elementor-action%3Aaction%3Dlightbox%26settings%3DeyJpZCI6MzY5LCJ1cmwiOiJodHRwczpcL1wvdm9sdmVudHBlcmZvcm1hbmNlLmZyXC93cC1jb250ZW50XC91cGxvYWRzXC8yMDI1XC8xMVwvMTc2Mjc4MTM5NjMzOC5qcGcifQ%3D%3D\">\n\t\t\t\t\t\t\t<img loading=\"lazy\" decoding=\"async\" width=\"473\" height=\"1024\" src=\"https:\/\/volventperformance.fr\/wp-content\/uploads\/2025\/11\/1762781396338-473x1024.jpg\" class=\"attachment-large size-large wp-image-369\" alt=\"\" srcset=\"https:\/\/volventperformance.fr\/wp-content\/uploads\/2025\/11\/1762781396338-473x1024.jpg 473w, https:\/\/volventperformance.fr\/wp-content\/uploads\/2025\/11\/1762781396338-139x300.jpg 139w, https:\/\/volventperformance.fr\/wp-content\/uploads\/2025\/11\/1762781396338-710x1536.jpg 710w, https:\/\/volventperformance.fr\/wp-content\/uploads\/2025\/11\/1762781396338.jpg 900w\" sizes=\"100vw\" \/>\t\t\t\t\t\t\t\t<\/a>\n\t\t\t\t\t\t\t\t\t\t\t\t\t\t\t<\/div>\n\t\t\t\t<\/div>\n\t\t\t\t<\/div>\n\t\t<div class=\"elementor-element elementor-element-c004495 e-con-full e-flex e-con e-child\" data-id=\"c004495\" data-element_type=\"container\">\n\t\t\t\t<div class=\"elementor-element elementor-element-6e40614 elementor-widget elementor-widget-image\" data-id=\"6e40614\" data-element_type=\"widget\" data-widget_type=\"image.default\">\n\t\t\t\t<div class=\"elementor-widget-container\">\n\t\t\t\t\t\t\t\t\t\t\t\t\t\t\t\t<a href=\"https:\/\/volventperformance.fr\/wp-content\/uploads\/2025\/11\/1762781501691.jpg\" data-elementor-open-lightbox=\"yes\" data-elementor-lightbox-title=\"1762781501691\" data-e-action-hash=\"#elementor-action%3Aaction%3Dlightbox%26settings%3DeyJpZCI6Mzc3LCJ1cmwiOiJodHRwczpcL1wvdm9sdmVudHBlcmZvcm1hbmNlLmZyXC93cC1jb250ZW50XC91cGxvYWRzXC8yMDI1XC8xMVwvMTc2Mjc4MTUwMTY5MS5qcGcifQ%3D%3D\">\n\t\t\t\t\t\t\t<img loading=\"lazy\" decoding=\"async\" width=\"473\" height=\"1024\" src=\"https:\/\/volventperformance.fr\/wp-content\/uploads\/2025\/11\/1762781501691-473x1024.jpg\" class=\"attachment-large size-large wp-image-377\" alt=\"\" srcset=\"https:\/\/volventperformance.fr\/wp-content\/uploads\/2025\/11\/1762781501691-473x1024.jpg 473w, https:\/\/volventperformance.fr\/wp-content\/uploads\/2025\/11\/1762781501691-139x300.jpg 139w, https:\/\/volventperformance.fr\/wp-content\/uploads\/2025\/11\/1762781501691-710x1536.jpg 710w, https:\/\/volventperformance.fr\/wp-content\/uploads\/2025\/11\/1762781501691.jpg 900w\" sizes=\"100vw\" \/>\t\t\t\t\t\t\t\t<\/a>\n\t\t\t\t\t\t\t\t\t\t\t\t\t\t\t<\/div>\n\t\t\t\t<\/div>\n\t\t\t\t<\/div>\n\t\t\t\t\t<\/div>\n\t\t\t\t<\/div>\n\t\t<div class=\"elementor-element elementor-element-7e3bd8e e-flex e-con-boxed e-con e-parent\" data-id=\"7e3bd8e\" data-element_type=\"container\">\n\t\t\t\t\t<div class=\"e-con-inner\">\n\t\t\t\t<div class=\"elementor-element elementor-element-379f3d6 elementor-widget elementor-widget-heading\" data-id=\"379f3d6\" data-element_type=\"widget\" data-widget_type=\"heading.default\">\n\t\t\t\t<div class=\"elementor-widget-container\">\n\t\t\t\t\t<h2 class=\"elementor-heading-title elementor-size-default\"><a href=\"https:\/\/cinefilms-planet.fr\/wp-content\/uploads\/2010\/04\/replique-cars-12.jpg\" target=\"_blank\" rel=\"noopener\">MADAME : DAURINE ANNIE MARTINE OUILLEUR<\/a><\/h2>\t\t\t\t<\/div>\n\t\t\t\t<\/div>\n\t\t\t\t\t<\/div>\n\t\t\t\t<\/div>\n\t\t<div class=\"elementor-element elementor-element-d85ee92 e-grid e-con-boxed e-con e-parent\" data-id=\"d85ee92\" data-element_type=\"container\">\n\t\t\t\t\t<div class=\"e-con-inner\">\n\t\t\t\t<div class=\"elementor-element elementor-element-3c58705 elementor-widget elementor-widget-image\" data-id=\"3c58705\" data-element_type=\"widget\" data-widget_type=\"image.default\">\n\t\t\t\t<div class=\"elementor-widget-container\">\n\t\t\t\t\t\t\t\t\t\t\t\t\t\t\t\t<a href=\"https:\/\/volventperformance.fr\/wp-content\/uploads\/2025\/11\/1762784742827.jpg\" data-elementor-open-lightbox=\"yes\" data-elementor-lightbox-title=\"1762784742827\" data-e-action-hash=\"#elementor-action%3Aaction%3Dlightbox%26settings%3DeyJpZCI6Mzg3LCJ1cmwiOiJodHRwczpcL1wvdm9sdmVudHBlcmZvcm1hbmNlLmZyXC93cC1jb250ZW50XC91cGxvYWRzXC8yMDI1XC8xMVwvMTc2Mjc4NDc0MjgyNy5qcGcifQ%3D%3D\">\n\t\t\t\t\t\t\t<img loading=\"lazy\" decoding=\"async\" width=\"569\" height=\"1024\" src=\"https:\/\/volventperformance.fr\/wp-content\/uploads\/2025\/11\/1762784742827-569x1024.jpg\" class=\"attachment-large size-large wp-image-387\" alt=\"\" srcset=\"https:\/\/volventperformance.fr\/wp-content\/uploads\/2025\/11\/1762784742827-569x1024.jpg 569w, https:\/\/volventperformance.fr\/wp-content\/uploads\/2025\/11\/1762784742827-167x300.jpg 167w, https:\/\/volventperformance.fr\/wp-content\/uploads\/2025\/11\/1762784742827-854x1536.jpg 854w, https:\/\/volventperformance.fr\/wp-content\/uploads\/2025\/11\/1762784742827.jpg 1080w\" sizes=\"100vw\" \/>\t\t\t\t\t\t\t\t<\/a>\n\t\t\t\t\t\t\t\t\t\t\t\t\t\t\t<\/div>\n\t\t\t\t<\/div>\n\t\t\t\t<div class=\"elementor-element elementor-element-440a417 elementor-widget elementor-widget-image\" data-id=\"440a417\" data-element_type=\"widget\" data-widget_type=\"image.default\">\n\t\t\t\t<div class=\"elementor-widget-container\">\n\t\t\t\t\t\t\t\t\t\t\t\t\t\t\t\t<a href=\"https:\/\/volventperformance.fr\/wp-content\/uploads\/2025\/11\/1762784742837.jpg\" data-elementor-open-lightbox=\"yes\" data-elementor-lightbox-title=\"1762784742837\" data-e-action-hash=\"#elementor-action%3Aaction%3Dlightbox%26settings%3DeyJpZCI6Mzg4LCJ1cmwiOiJodHRwczpcL1wvdm9sdmVudHBlcmZvcm1hbmNlLmZyXC93cC1jb250ZW50XC91cGxvYWRzXC8yMDI1XC8xMVwvMTc2Mjc4NDc0MjgzNy5qcGcifQ%3D%3D\">\n\t\t\t\t\t\t\t<img loading=\"lazy\" decoding=\"async\" width=\"569\" height=\"1024\" src=\"https:\/\/volventperformance.fr\/wp-content\/uploads\/2025\/11\/1762784742837-569x1024.jpg\" class=\"attachment-large size-large wp-image-388\" alt=\"\" srcset=\"https:\/\/volventperformance.fr\/wp-content\/uploads\/2025\/11\/1762784742837-569x1024.jpg 569w, https:\/\/volventperformance.fr\/wp-content\/uploads\/2025\/11\/1762784742837-167x300.jpg 167w, https:\/\/volventperformance.fr\/wp-content\/uploads\/2025\/11\/1762784742837-854x1536.jpg 854w, https:\/\/volventperformance.fr\/wp-content\/uploads\/2025\/11\/1762784742837.jpg 1080w\" sizes=\"100vw\" \/>\t\t\t\t\t\t\t\t<\/a>\n\t\t\t\t\t\t\t\t\t\t\t\t\t\t\t<\/div>\n\t\t\t\t<\/div>\n\t\t\t\t<div class=\"elementor-element elementor-element-81c9e5f elementor-widget elementor-widget-image\" data-id=\"81c9e5f\" data-element_type=\"widget\" data-widget_type=\"image.default\">\n\t\t\t\t<div class=\"elementor-widget-container\">\n\t\t\t\t\t\t\t\t\t\t\t\t\t\t\t\t<a href=\"https:\/\/volventperformance.fr\/wp-content\/uploads\/2025\/11\/1762784742850.jpg\" data-elementor-open-lightbox=\"yes\" data-elementor-lightbox-title=\"1762784742850\" data-e-action-hash=\"#elementor-action%3Aaction%3Dlightbox%26settings%3DeyJpZCI6Mzg2LCJ1cmwiOiJodHRwczpcL1wvdm9sdmVudHBlcmZvcm1hbmNlLmZyXC93cC1jb250ZW50XC91cGxvYWRzXC8yMDI1XC8xMVwvMTc2Mjc4NDc0Mjg1MC5qcGcifQ%3D%3D\">\n\t\t\t\t\t\t\t<img loading=\"lazy\" decoding=\"async\" width=\"560\" height=\"1024\" src=\"https:\/\/volventperformance.fr\/wp-content\/uploads\/2025\/11\/1762784742850-560x1024.jpg\" class=\"attachment-large size-large wp-image-386\" alt=\"\" srcset=\"https:\/\/volventperformance.fr\/wp-content\/uploads\/2025\/11\/1762784742850-560x1024.jpg 560w, https:\/\/volventperformance.fr\/wp-content\/uploads\/2025\/11\/1762784742850-164x300.jpg 164w, https:\/\/volventperformance.fr\/wp-content\/uploads\/2025\/11\/1762784742850-839x1536.jpg 839w, https:\/\/volventperformance.fr\/wp-content\/uploads\/2025\/11\/1762784742850.jpg 1069w\" sizes=\"100vw\" \/>\t\t\t\t\t\t\t\t<\/a>\n\t\t\t\t\t\t\t\t\t\t\t\t\t\t\t<\/div>\n\t\t\t\t<\/div>\n\t\t\t\t\t<\/div>\n\t\t\t\t<\/div>\n\t\t<div class=\"elementor-element elementor-element-9ec7c03 e-flex e-con-boxed e-con e-parent\" data-id=\"9ec7c03\" data-element_type=\"container\">\n\t\t\t\t\t<div class=\"e-con-inner\">\n\t\t\t\t<div class=\"elementor-element elementor-element-7e0b84f elementor-widget elementor-widget-image\" data-id=\"7e0b84f\" data-element_type=\"widget\" data-widget_type=\"image.default\">\n\t\t\t\t<div class=\"elementor-widget-container\">\n\t\t\t\t\t\t\t\t\t\t\t\t\t\t\t\t<a href=\"https:\/\/volventperformance.fr\/wp-content\/uploads\/2025\/11\/1762781501621.jpg\" data-elementor-open-lightbox=\"yes\" data-elementor-lightbox-title=\"1762781501621\" data-e-action-hash=\"#elementor-action%3Aaction%3Dlightbox%26settings%3DeyJpZCI6MzcxLCJ1cmwiOiJodHRwczpcL1wvdm9sdmVudHBlcmZvcm1hbmNlLmZyXC93cC1jb250ZW50XC91cGxvYWRzXC8yMDI1XC8xMVwvMTc2Mjc4MTUwMTYyMS5qcGcifQ%3D%3D\">\n\t\t\t\t\t\t\t<img loading=\"lazy\" decoding=\"async\" width=\"950\" height=\"439\" src=\"https:\/\/volventperformance.fr\/wp-content\/uploads\/2025\/11\/1762781501621-1024x473.jpg\" class=\"attachment-large size-large wp-image-371\" alt=\"\" srcset=\"https:\/\/volventperformance.fr\/wp-content\/uploads\/2025\/11\/1762781501621-1024x473.jpg 1024w, https:\/\/volventperformance.fr\/wp-content\/uploads\/2025\/11\/1762781501621-300x139.jpg 300w, https:\/\/volventperformance.fr\/wp-content\/uploads\/2025\/11\/1762781501621-1536x710.jpg 1536w, https:\/\/volventperformance.fr\/wp-content\/uploads\/2025\/11\/1762781501621.jpg 1948w\" sizes=\"100vw\" \/>\t\t\t\t\t\t\t\t<\/a>\n\t\t\t\t\t\t\t\t\t\t\t\t\t\t\t<\/div>\n\t\t\t\t<\/div>\n\t\t\t\t\t<\/div>\n\t\t\t\t<\/div>\n\t\t<div class=\"elementor-element elementor-element-18183b0 e-flex e-con-boxed e-con e-parent\" data-id=\"18183b0\" data-element_type=\"container\">\n\t\t\t\t\t<div class=\"e-con-inner\">\n\t\t<div class=\"elementor-element elementor-element-130fc71 e-con-full e-flex e-con e-child\" data-id=\"130fc71\" data-element_type=\"container\">\n\t\t\t\t<div class=\"elementor-element elementor-element-de97501 elementor-widget elementor-widget-image\" data-id=\"de97501\" data-element_type=\"widget\" data-widget_type=\"image.default\">\n\t\t\t\t<div class=\"elementor-widget-container\">\n\t\t\t\t\t\t\t\t\t\t\t\t\t\t\t<img loading=\"lazy\" decoding=\"async\" width=\"473\" height=\"1024\" src=\"https:\/\/volventperformance.fr\/wp-content\/uploads\/2025\/11\/1762781501646-473x1024.jpg\" class=\"attachment-large size-large wp-image-373\" alt=\"\" srcset=\"https:\/\/volventperformance.fr\/wp-content\/uploads\/2025\/11\/1762781501646-473x1024.jpg 473w, https:\/\/volventperformance.fr\/wp-content\/uploads\/2025\/11\/1762781501646-139x300.jpg 139w, https:\/\/volventperformance.fr\/wp-content\/uploads\/2025\/11\/1762781501646-710x1536.jpg 710w, https:\/\/volventperformance.fr\/wp-content\/uploads\/2025\/11\/1762781501646.jpg 900w\" sizes=\"100vw\" \/>\t\t\t\t\t\t\t\t\t\t\t\t\t\t\t<\/div>\n\t\t\t\t<\/div>\n\t\t\t\t<\/div>\n\t\t<div class=\"elementor-element elementor-element-de664ba e-con-full e-flex e-con e-child\" data-id=\"de664ba\" data-element_type=\"container\">\n\t\t\t\t<div class=\"elementor-element elementor-element-e6d668b elementor-widget elementor-widget-image\" data-id=\"e6d668b\" data-element_type=\"widget\" data-widget_type=\"image.default\">\n\t\t\t\t<div class=\"elementor-widget-container\">\n\t\t\t\t\t\t\t\t\t\t\t\t\t\t\t<img loading=\"lazy\" decoding=\"async\" width=\"473\" height=\"1024\" src=\"https:\/\/volventperformance.fr\/wp-content\/uploads\/2025\/11\/1762783041006-473x1024.jpg\" class=\"attachment-large size-large wp-image-382\" alt=\"\" srcset=\"https:\/\/volventperformance.fr\/wp-content\/uploads\/2025\/11\/1762783041006-473x1024.jpg 473w, https:\/\/volventperformance.fr\/wp-content\/uploads\/2025\/11\/1762783041006-139x300.jpg 139w, https:\/\/volventperformance.fr\/wp-content\/uploads\/2025\/11\/1762783041006-710x1536.jpg 710w, https:\/\/volventperformance.fr\/wp-content\/uploads\/2025\/11\/1762783041006.jpg 900w\" sizes=\"100vw\" \/>\t\t\t\t\t\t\t\t\t\t\t\t\t\t\t<\/div>\n\t\t\t\t<\/div>\n\t\t\t\t<\/div>\n\t\t\t\t\t<\/div>\n\t\t\t\t<\/div>\n\t\t\t\t<\/div>\n\t\t","protected":false},"excerpt":{"rendered":"<p>\u00a0 Au fond de la cambrousse, entre un hangar en t\u00f4le et un barbecue qui tourne \u00e0 la merguez, y\u2019a Volvent Performance.C\u2019est pas un garage comme les autres : ici, pas de vestes sigl\u00e9es ni de valises \u00e9lectroniques hors de prix. Non, ici, \u00e7a sent la cl\u00e9 de 12, la sueur, et le savoir-faire des &hellip; <\/p>\n<p class=\"link-more\"><a href=\"https:\/\/volventperformance.fr\/index.php\/la-zx-1-4i-a-50-balles\/\" class=\"more-link\">Lire la suite de<span class=\"screen-reader-text\">\u00ab\u00a0La ZX 1.4I A 50 BALLES\u00a0\u00bb<\/span><\/a><\/p>\n","protected":false},"author":1,"featured_media":0,"parent":0,"menu_order":0,"comment_status":"closed","ping_status":"closed","template":"","meta":{"footnotes":""},"class_list":["post-367","page","type-page","status-publish","hentry"],"_links":{"self":[{"href":"https:\/\/volventperformance.fr\/index.php\/wp-json\/wp\/v2\/pages\/367","targetHints":{"allow":["GET"]}}],"collection":[{"href":"https:\/\/volventperformance.fr\/index.php\/wp-json\/wp\/v2\/pages"}],"about":[{"href":"https:\/\/volventperformance.fr\/index.php\/wp-json\/wp\/v2\/types\/page"}],"author":[{"embeddable":true,"href":"https:\/\/volventperformance.fr\/index.php\/wp-json\/wp\/v2\/users\/1"}],"replies":[{"embeddable":true,"href":"https:\/\/volventperformance.fr\/index.php\/wp-json\/wp\/v2\/comments?post=367"}],"version-history":[{"count":19,"href":"https:\/\/volventperformance.fr\/index.php\/wp-json\/wp\/v2\/pages\/367\/revisions"}],"predecessor-version":[{"id":400,"href":"https:\/\/volventperformance.fr\/index.php\/wp-json\/wp\/v2\/pages\/367\/revisions\/400"}],"wp:attachment":[{"href":"https:\/\/volventperformance.fr\/index.php\/wp-json\/wp\/v2\/media?parent=367"}],"curies":[{"name":"wp","href":"https:\/\/api.w.org\/{rel}","templated":true}]}}